= -63. List the prime factors of q.
23
Suppose -3*l = -284 - 1819. What are the prime factors of l?
701
Let j(o) = -o**2 + 23*o - 40. Let y be j(21). Suppose 4*g - 460 + 35 = -3*p, -4*g + 426 = y*p. List the prime factors of g.
107
Let z = 92 - 130. Let a = 13 + z. List the prime factors of 4/(-1) - (a + -5).
2, 13
Suppose 0 = -u - 5*k + 25 + 6, -3*u + 23 = k. Suppose -u = -3*f + 6. Suppose -y + 19 = 3*l, 0 = -f*y + 2*l + 21 + 41. What are the prime factors of y?
2
Let q be (-8)/2 + 112/14. Suppose -4*x + 300 = 4*m, 4*x - 8*m - 316 = -q*m. What are the prime factors of x?
7, 11
Let l(c) = -c**2 + 6*c + 1. Let f be l(6). Suppose 0 = -2*o + 3*o + f. What are the prime factors of 3 - (o + -3)/(-4)?
2
Let w be 5/(-3)*-1*(-1 + 4). Suppose 2*s = -g + 29, -3*s - 139 + 46 = -w*g. List the prime factors of g.
3, 7
Let f be ((-69)/(-4))/(-6 - 102/(-16)). Suppose 5*j + 23 = -3*r, r + 23 = -j + 5*r. Let b = j + f. What are the prime factors of b?
3, 13
Let w(v) = v**2 + 14*v + 5. Let c = -46 + 32. What are the prime factors of w(c)?
5
Suppose z + 0*z = -2. Let c be (z - 2)/(2 - 3). Suppose c*w - 4*j = 184, 3*j - 198 = -6*w + 2*w. List the prime factors of w.
2, 3
Let d(a) = 15*a**3 - 4*a**2 + 3*a + 2. What are the prime factors of d(3)?
2, 5, 19
Suppose 5*d = -4*i + 174, 3*d + 3*i = -2*i + 107. Let m = d - 30. Suppose m*v - 3*v = 11. What are the prime factors of v?
11
Let b(k) = -6*k**3 + k**2 + k - 3. Suppose -4*s = q - 0*s - 17, 0 = -3*q + 3*s - 24. Let o be b(q). List the prime factors of (-30)/o - 598/(-22).
3
Suppose -24 - 1 = 5*l. List the prime factors of 243 - ((4 - 4) + l).
2, 31
Suppose -n - 16 = -r, r + 5 = 6*r. Let q(m) be the third derivative of m**6/120 + 4*m**5/15 + 7*m**4/12 + 5*m**3/3 - m**2. What are the prime factors of q(n)?
5
Suppose -9*g + 2302 + 497 = 0. List the prime factors of g.
311
Suppose 5*g - g = 12. Suppose -4*f = 3*k + 12, -4 = -2*f - 3*f + k. Suppose f = -g*n - 20 + 62. What are the prime factors of n?
2, 7
Let c(v) = -v**3 + 17*v**2 - 9*v + 14. Let g be c(12). Suppose -g = -0*f - 2*f. Suppose 6*y - f = -85. What are the prime factors of y?
2, 19
Suppose -3*l + 2*d - 11 = 0, -1 = -l - 3*d - 23. List the prime factors of (35/5)/l - (1 + -26).
2, 3
Let j = -109 - -311. Suppose -6*b - 58 + j = 0. Suppose k = 2*k - b. What are the prime factors of k?
2, 3
Let b(l) = l**3 - 7*l**2 - 24*l - 8. Let f be b(11). Suppose 0 = 5*o - 3*o - 2*c - f, 346 = 3*o + 4*c. What are the prime factors of o?
2, 5, 11
Let o = -20 - -55. Suppose -52 = -2*j - p, 3*j + 2*p - 89 = -10. What are the prime factors of -1*o*(-10)/j?
2, 7
Let o = 23 + -18. Let i(d) = d + 3. Let g be i(o). List the prime factors of g/(-6)*3 - -45.
41
Let l = 68 - 72. What are the prime factors of (-6)/((-30)/(-670)*2/l)?
2, 67
Let r be 826/10 - ((-48)/30)/4. Suppose -d + 190 = r. What are the prime factors of d?
107
Let l = -13 - -14. Let r be -11 + 10 + 3*l. Suppose r*x - 32 = 28. What are the prime factors of x?
2, 3, 5
What are the prime factors of 30810/135 - 1 - 4/18?
227
Let a = 0 - -3. Suppose a = -k, 4*o - 123 = o - k. List the prime factors of o.
2, 3, 7
What are the prime factors of 5 + 85/(-15) - (-5693)/3?
7, 271
Let m(o) = -8*o + 74. Let j be m(-20). What are the prime factors of (-33)/11 + j + 0?
3, 7, 11
Let t(g) = -g**2 + 10*g + 4. Let p be t(10). Let v be 2 + 4*14/p. Let s = 36 - v. What are the prime factors of s?
2, 5
Let i(f) = 46*f**2 + 106*f - 12. List the prime factors of i(-6).
2, 3, 7
Let p = 100 + -90. Suppose -49 = -p*n + 161. What are the prime factors of n?
3, 7
Suppose 2*p = 5420 - 950. What are the prime factors of p?
3, 5, 149
Let o(m) = 24*m - 221. List the prime factors of o(19).
5, 47
Let x(l) = l**3 - 6*l**2 + 5*l + 2. Let z be x(5). Suppose -3*w = 2*j + 8, z*w + 8 = -j + 2. Suppose -j*q = -q - 8. What are the prime factors of q?
2
Let f(v) = -v**3 + 5*v**2 + 8*v - 5. Let q be f(6). Let u = -7 + q. Suppose u = h - 4 - 21. What are the prime factors of h?
5
Suppose 0 = -u - 3*u - 36. Let x(k) = 6*k + 7. Let v(a) = 19*a + 24. Let d(t) = 2*v(t) - 7*x(t). List the prime factors of d(u).
5, 7
Let p(t) = 359*t**3 + 2*t**2 + 15*t - 16. What are the prime factors of p(1)?
2, 3, 5
Let a(v) = 3*v**2 + 4*v + 5. Suppose -5*w - 5 = 5*c, 0 = -0*w + 2*w + 5*c - 4. Let h be 4/(-5)*(w + 8). List the prime factors of a(h).
37
Let x be (-22)/(-8) - 18/(-72). Suppose x*t - 5*q = 5 + 75, q + 44 = 2*t. List the prime factors of t.
2, 5
Let z = 2 + -4. Let b(v) = v**2 - v - 1. List the prime factors of b(z).
5
Suppose -3*k - 51 + 288 = 0. Suppose 0 = 5*p - 344 + k. List the prime factors of p.
53
Suppose 0 = -5*b + 3 + 7. Let n be 1/2 - (-127)/b. Suppose n = 4*j - 3*c, -2*c = -3*j - 4*c + 48. List the prime factors of j.
2
Suppose -45*k + 40*k = -120. Let u(l) = l**3 - 3*l**2 + l + 2. Let i be u(2). Suppose i = -p + k + 1. What are the prime factors of p?
5
Suppose 247 + 169 = 4*i. Suppose 3*f = -f - i. Let w = -13 - f. List the prime factors of w.
13
Suppose -7*t - 23884 = -21*t. What are the prime factors of t?
2, 853
Let a(c) = 2*c + 28. Let v be a(-13). Let z(x) = 23*x**2 + 4*x. List the prime factors of z(v).
2, 5
Suppose 3*o - 2*q = -q + 2, -8 = o + 4*q. Suppose o*w = -2*w + 100. List the prime factors of w.
2, 5
Let g(m) = 2*m**3 + 3*m**2 + 3757. What are the prime factors of g(0)?
13, 17
Let l be (35/(-10))/((-1)/334). Suppose 5*c - l = n + 203, -c = 4*n - 266. What are the prime factors of c?
2, 137
Let o(t) = -4*t**2 + 6*t + 3. Let y(s) = 4*s**2 - 7*s - 3. Let b(v) = -5*o(v) - 4*y(v). Let w be b(4). Suppose -8 + w = 3*d. What are the prime factors of d?
3, 5
Suppose -8*g + 124 - 20 = 0. Let f(t) = 2*t - 7. List the prime factors of f(g).
19
Suppose -6*i + 1026 = -12*i. List the prime factors of (i/6)/((-4)/8).
3, 19
Suppose 39 = -5*y + 409. Suppose 8*d - y = 6*d. Suppose 0 = -o + 4 + d. List the prime factors of o.
41
Let j be (-2)/((-20)/1678) + (-7)/(-35). Suppose 4*w - j = 380. List the prime factors of w.
137
Let q(b) = -6*b - 35. Let i be q(-7). Suppose -i*a + 318 = -333. What are the prime factors of a?
3, 31
Let j(x) = -171*x - 114. What are the prime factors of j(-7)?
3, 19
Suppose j = 2*j - 5, 3*j = -2*d + 91. Suppose 0 - d = -2*o. List the prime factors of o.
19
Let n = -1 + 7. Let f(d) = d**3 - 4*d**2 - 4*d - 6. List the prime factors of f(n).
2, 3, 7
Suppose s - 7 = -13. Let k(l) = l**3 + 6*l**2 + l + 4. Let f be k(s). List the prime factors of f/7 + 2256/56.
2, 5
Suppose -24*t + 25*t + 3*r = 297, 4*r - 20 = 0. List the prime factors of t.
2, 3, 47
Let z(n) = 2*n**2 - n**3 + 3*n - 2 + 5*n**2 - 2. Let o be z(6). Suppose h + 0*h + 2 = 0, -h + o = 4*p. List the prime factors of p.
13
Let m be (-9)/(-5) + 1 + 12/(-15). Let j(c) be the first derivative of 12*c**2 - 8. List the prime factors of j(m).
2, 3
Let j(g) = -177*g - 214. What are the prime factors of j(-6)?
2, 53
Suppose 40304 = -107*f + 129*f. List the prime factors of f.
2, 229
Let u(p) = 52*p - 157. What are the prime factors of u(29)?
7, 193
Suppose 0 = 3*h - 4*h. Suppose -3*g + 2*g - b + 15 = 0, -g - 3*b = -23. Let n = h + g. List the prime factors of n.
11
Let z(w) = -10*w + 18. Let s be z(-6). Let l = s - -134. List the prime factors of l.
2, 53
Suppose -x + 406 = 4*z - 293, -3*z = -2*x + 1431. List the prime factors of x.
3, 79
Suppose 4*g - 4317 = 3*a, 2*g + 3*a - 946 = 1217. List the prime factors of g.
2, 3, 5
Let l(w) = w**3 + 7*w**2 - 9*w - 4. Suppose 0 = -3*t - t + 5*u - 9, -13 = 3*t - 5*u. Let a = t + -12. What are the prime factors of l(a)?
2
Suppose -b + 3 = 1. Suppose 4*t = b*t + 4. Suppose -10 + t = -2*k. What are the prime factors of k?
2
Let d be (-2 - -4) + -1 + 3. Suppose -d*n + 364 = -124. What are the prime factors of n?
2, 61
Suppose -917 = 3*y + 5*a - 13579, -3*y = -3*a - 12654. What are the prime factors of y?
4219
Let j(z) = 21*z - z**2 + 14 - 22*z + 2*z**2. List the prime factors of j(7).
2, 7
Suppose -2*s + 5*w = 11, 4 = 2*s - w - 5. Let o(b) = 4*b - 15. List the prime factors of o(s).
13
Suppose 1899 + 8006 = 7*m. List the prime factors of m.
5, 283
Let k(p) = p + 24. Let m be k(6). Let j = -14 + m. What are the prime factors of j?
2
Suppose -2604 = -18*n + 16*n. What are the prime factors of n?
2, 3, 7, 31
Let b = 111 - 105. What are the prime fac